{"id":30,"date":"2026-04-08T19:05:48","date_gmt":"2026-04-08T19:05:48","guid":{"rendered":"https:\/\/eventos.ins.gov.mz\/?page_id=30"},"modified":"2026-04-08T19:05:48","modified_gmt":"2026-04-08T19:05:48","slug":"objectivos","status":"publish","type":"page","link":"https:\/\/eventos.ins.gov.mz\/index.php\/sobre\/objectivos\/","title":{"rendered":"Objectivos"},"content":{"rendered":"\n<p>Refor\u00e7ar o conhecimento de actores-chave e da sociedade em geral sobre os impactos das mudan\u00e7as clim\u00e1ticas no sector da sa\u00fade e a necessidade de ac\u00e7\u00e3o multissectorial para a mitiga\u00e7\u00e3o e adapta\u00e7\u00e3o dos mesmos<\/p>\n\n\n\n<p><strong>Objectivos espec\u00edficos<\/strong><\/p>\n\n\n\n<ul class=\"wp-block-list\">\n<li>Partilhar evid\u00eancias de integra\u00e7\u00e3o da sa\u00fade em servi\u00e7os clim\u00e1ticos a n\u00edvel internacional e nacional\u00a0<strong>(ODS 13 \u2013 13.B);<\/strong><\/li>\n\n\n\n<li>Divulgar a evid\u00eancia global e nacional dos impactos de desastres induzidos pelo clima e ac\u00e7\u00f5es para o fortalecimento da resili\u00eancia a n\u00edvel sectorial\u00a0<strong>(ODS 13 \u2013 13.1);<\/strong><\/li>\n\n\n\n<li>Discutir linhas e oportunidades de financiamento para sa\u00fade com vista a mitiga\u00e7\u00e3o e adapta\u00e7\u00e3o a mudan\u00e7as clim\u00e1ticas\u00a0<strong>(ODS 13 \u2013 13.A);<\/strong><\/li>\n\n\n\n<li>Partilhar experi\u00eancias de resposta a emerg\u00eancias relacionadas aos impactos de desastres induzidos pelo clima\u00a0<strong>(ODS 13 \u2013 13.2);<\/strong><\/li>\n\n\n\n<li>Discutir oportunidades de gera\u00e7\u00e3o de evid\u00eancia e necessidade de inova\u00e7\u00e3o em \u00e1reas da sa\u00fade impactadas pelas mudan\u00e7as clim\u00e1ticas\u00a0<strong>(ODS 13 \u2013 13.1.1);<\/strong><\/li>\n\n\n\n<li>Partilhar experi\u00eancias de forma\u00e7\u00e3o de recursos humanos para a sa\u00fade em mat\u00e9rias clim\u00e1ticas\u00a0<strong>(ODS 13 \u2013 13-3);<\/strong><\/li>\n\n\n\n<li>Discutir o engajamento comunit\u00e1rio para a implementa\u00e7\u00e3o de estrat\u00e9gias de mitiga\u00e7\u00e3o e adapta\u00e7\u00e3o a mudan\u00e7a clim\u00e1tica\u00a0<strong>(ODS 13 \u2013 13.1.3).<\/strong><\/li>\n<\/ul>\n","protected":false},"excerpt":{"rendered":"<p>Refor\u00e7ar o conhecimento de actores-chave e da sociedade em geral sobre os impactos das mudan\u00e7as clim\u00e1ticas no sector da sa\u00fade e a necessidade de ac\u00e7\u00e3o multissectorial para a mitiga\u00e7\u00e3o e adapta\u00e7\u00e3o dos mesmos Objectivos espec\u00edficos<\/p>\n","protected":false},"author":1,"featured_media":0,"parent":24,"menu_order":0,"comment_status":"closed","ping_status":"closed","template":"","meta":{"_acf_changed":false,"footnotes":""},"class_list":["post-30","page","type-page","status-publish","hentry"],"acf":[],"_links":{"self":[{"href":"https:\/\/eventos.ins.gov.mz\/index.php\/wp-json\/wp\/v2\/pages\/30","targetHints":{"allow":["GET"]}}],"collection":[{"href":"https:\/\/eventos.ins.gov.mz\/index.php\/wp-json\/wp\/v2\/pages"}],"about":[{"href":"https:\/\/eventos.ins.gov.mz\/index.php\/wp-json\/wp\/v2\/types\/page"}],"author":[{"embeddable":true,"href":"https:\/\/eventos.ins.gov.mz\/index.php\/wp-json\/wp\/v2\/users\/1"}],"replies":[{"embeddable":true,"href":"https:\/\/eventos.ins.gov.mz\/index.php\/wp-json\/wp\/v2\/comments?post=30"}],"version-history":[{"count":1,"href":"https:\/\/eventos.ins.gov.mz\/index.php\/wp-json\/wp\/v2\/pages\/30\/revisions"}],"predecessor-version":[{"id":31,"href":"https:\/\/eventos.ins.gov.mz\/index.php\/wp-json\/wp\/v2\/pages\/30\/revisions\/31"}],"up":[{"embeddable":true,"href":"https:\/\/eventos.ins.gov.mz\/index.php\/wp-json\/wp\/v2\/pages\/24"}],"wp:attachment":[{"href":"https:\/\/eventos.ins.gov.mz\/index.php\/wp-json\/wp\/v2\/media?parent=30"}],"curies":[{"name":"wp","href":"https:\/\/api.w.org\/{rel}","templated":true}]}}

<p>Reforçar o conhecimento de actores-chave e da sociedade em geral sobre os impactos das mudanças climáticas no sector da saúde e a necessidade de acção multissectorial para a mitigação e adaptação dos mesmos</p>



<p><strong>Objectivos específicos</strong></p>



<ul class="wp-block-list">
<li>Partilhar evidências de integração da saúde em serviços climáticos a nível internacional e nacional <strong>(ODS 13 – 13.B);</strong></li>



<li>Divulgar a evidência global e nacional dos impactos de desastres induzidos pelo clima e acções para o fortalecimento da resiliência a nível sectorial <strong>(ODS 13 – 13.1);</strong></li>



<li>Discutir linhas e oportunidades de financiamento para saúde com vista a mitigação e adaptação a mudanças climáticas <strong>(ODS 13 – 13.A);</strong></li>



<li>Partilhar experiências de resposta a emergências relacionadas aos impactos de desastres induzidos pelo clima <strong>(ODS 13 – 13.2);</strong></li>



<li>Discutir oportunidades de geração de evidência e necessidade de inovação em áreas da saúde impactadas pelas mudanças climáticas <strong>(ODS 13 – 13.1.1);</strong></li>



<li>Partilhar experiências de formação de recursos humanos para a saúde em matérias climáticas <strong>(ODS 13 – 13-3);</strong></li>



<li>Discutir o engajamento comunitário para a implementação de estratégias de mitigação e adaptação a mudança climática <strong>(ODS 13 – 13.1.3).</strong></li>
</ul>

<p>Reforçar o conhecimento de actores-chave e da sociedade em geral sobre os impactos das mudanças climáticas no sector da saúde e a necessidade de acção multissectorial para a mitigação e adaptação dos mesmos Objectivos específicos</p>
