{"id":28,"date":"2026-04-08T19:04:47","date_gmt":"2026-04-08T19:04:47","guid":{"rendered":"https:\/\/eventos.ins.gov.mz\/?page_id=28"},"modified":"2026-04-08T19:04:47","modified_gmt":"2026-04-08T19:04:47","slug":"justificativa","status":"publish","type":"page","link":"https:\/\/eventos.ins.gov.mz\/index.php\/sobre\/justificativa\/","title":{"rendered":"Justificativa"},"content":{"rendered":"\n<p>A realiza\u00e7\u00e3o deste tipo de evento, de car\u00e1cter internacional, alavanca a possibilidade de discutir as evid\u00eancias geradas a v\u00e1rios n\u00edveis, individual, institucional e comunit\u00e1rio numa abordagem hol\u00edstica da tem\u00e1tica de tr\u00eas mudan\u00e7as clim\u00e1ticas inseridas no contexto de Sa\u00fade em Todas Pol\u00edticas, tornando poss\u00edvel a considera\u00e7\u00e3o de aspectos de sa\u00fade no processo de decis\u00e3o intersectorial de modo a melhorar a sa\u00fade da popula\u00e7\u00e3o mo\u00e7ambicana. Para al\u00e9m disso, alinhada ao 13\u00ba Objectivo de Desenvolvimento Sustent\u00e1vel sobre a \u2018\u2019Ac\u00e7\u00e3o urgente para combater a mudan\u00e7a clim\u00e1tica e seus impactos\u2019\u2019, \u00e9 que se faz crucial a partilha de informa\u00e7\u00e3o, assim como a discuss\u00e3o das ac\u00e7\u00f5es conducentes ao processo de formula\u00e7\u00e3o de pol\u00edticas com vista a assegurar que medidas espec\u00edficas de adapta\u00e7\u00e3o e mitiga\u00e7\u00e3o sejam adoptadas de modo a reduzir e\/ou aliviar o impacto desvastador das mudan\u00e7as clim\u00e1ticas.<\/p>\n","protected":false},"excerpt":{"rendered":"<p>A realiza\u00e7\u00e3o deste tipo de evento, de car\u00e1cter internacional, alavanca a possibilidade de discutir as evid\u00eancias geradas a v\u00e1rios n\u00edveis, individual, institucional e comunit\u00e1rio numa abordagem hol\u00edstica da tem\u00e1tica de tr\u00eas mudan\u00e7as clim\u00e1ticas inseridas no contexto de Sa\u00fade em Todas Pol\u00edticas, tornando poss\u00edvel a considera\u00e7\u00e3o de aspectos de sa\u00fade no processo de decis\u00e3o intersectorial de [&hellip;]<\/p>\n","protected":false},"author":1,"featured_media":0,"parent":24,"menu_order":0,"comment_status":"closed","ping_status":"closed","template":"","meta":{"_acf_changed":false,"footnotes":""},"class_list":["post-28","page","type-page","status-publish","hentry"],"acf":[],"_links":{"self":[{"href":"https:\/\/eventos.ins.gov.mz\/index.php\/wp-json\/wp\/v2\/pages\/28","targetHints":{"allow":["GET"]}}],"collection":[{"href":"https:\/\/eventos.ins.gov.mz\/index.php\/wp-json\/wp\/v2\/pages"}],"about":[{"href":"https:\/\/eventos.ins.gov.mz\/index.php\/wp-json\/wp\/v2\/types\/page"}],"author":[{"embeddable":true,"href":"https:\/\/eventos.ins.gov.mz\/index.php\/wp-json\/wp\/v2\/users\/1"}],"replies":[{"embeddable":true,"href":"https:\/\/eventos.ins.gov.mz\/index.php\/wp-json\/wp\/v2\/comments?post=28"}],"version-history":[{"count":1,"href":"https:\/\/eventos.ins.gov.mz\/index.php\/wp-json\/wp\/v2\/pages\/28\/revisions"}],"predecessor-version":[{"id":29,"href":"https:\/\/eventos.ins.gov.mz\/index.php\/wp-json\/wp\/v2\/pages\/28\/revisions\/29"}],"up":[{"embeddable":true,"href":"https:\/\/eventos.ins.gov.mz\/index.php\/wp-json\/wp\/v2\/pages\/24"}],"wp:attachment":[{"href":"https:\/\/eventos.ins.gov.mz\/index.php\/wp-json\/wp\/v2\/media?parent=28"}],"curies":[{"name":"wp","href":"https:\/\/api.w.org\/{rel}","templated":true}]}}

<p>A realização deste tipo de evento, de carácter internacional, alavanca a possibilidade de discutir as evidências geradas a vários níveis, individual, institucional e comunitário numa abordagem holística da temática de três mudanças climáticas inseridas no contexto de Saúde em Todas Políticas, tornando possível a consideração de aspectos de saúde no processo de decisão intersectorial de modo a melhorar a saúde da população moçambicana. Para além disso, alinhada ao 13º Objectivo de Desenvolvimento Sustentável sobre a ‘’Acção urgente para combater a mudança climática e seus impactos’’, é que se faz crucial a partilha de informação, assim como a discussão das acções conducentes ao processo de formulação de políticas com vista a assegurar que medidas específicas de adaptação e mitigação sejam adoptadas de modo a reduzir e/ou aliviar o impacto desvastador das mudanças climáticas.</p>

<p>A realização deste tipo de evento, de carácter internacional, alavanca a possibilidade de discutir as evidências geradas a vários níveis, individual, institucional e comunitário numa abordagem holística da temática de três mudanças climáticas inseridas no contexto de Saúde em Todas Políticas, tornando possível a consideração de aspectos de saúde no processo de decisão intersectorial de [&hellip;]</p>
