{"id":26,"date":"2026-04-08T19:04:22","date_gmt":"2026-04-08T19:04:22","guid":{"rendered":"https:\/\/eventos.ins.gov.mz\/?page_id=26"},"modified":"2026-04-08T19:04:22","modified_gmt":"2026-04-08T19:04:22","slug":"contextualizacao","status":"publish","type":"page","link":"https:\/\/eventos.ins.gov.mz\/index.php\/sobre\/contextualizacao\/","title":{"rendered":"Contextualiza\u00e7\u00e3o"},"content":{"rendered":"\n<p>Em 2021, a temperatura m\u00e9dia global foi de cerca de 1,1\u00b0C acima do n\u00edvel pr\u00e9-industrial (de 1850 a 1900). Os anos de 2015 a 2021 foram os sete mais quentes j\u00e1 registrados. Prev\u00ea-se que a temperatura m\u00e9dia anual global aumente mais de 1,5\u00b0C acima dos n\u00edveis pr\u00e9-industriais em pelo menos um dos pr\u00f3ximos cinco anos. As emiss\u00f5es globais de di\u00f3xido de carbono (CO2) diminu\u00edram 5,2% em 2020 devido a menor demanda de energia causada pelas perturba\u00e7\u00f5es sociais e econ\u00f4micas induzidas pela COVID-19. Entretanto, com a elimina\u00e7\u00e3o gradual das restri\u00e7\u00f5es relacionadas a COVID-19, as emiss\u00f5es de CO2 relacionadas \u00e0 energia, para 2021, aumentaram em 6%, atingindo o n\u00edvel mais alto de todos os tempos.<\/p>\n\n\n\n<p>O financiamento clim\u00e1tico fornecido e mobilizado por pa\u00edses desenvolvidos totalizou 79,6 bilh\u00f5es de d\u00f3lares em 2019, acima dos 78,3 bilh\u00f5es de d\u00f3lares em 2018. Estima-se que 1,6 trilh\u00e3o de d\u00f3lares a 3,8 trilh\u00f5es de dolares &nbsp;ser\u00e3o necess\u00e1rios a cada ano at\u00e9 2050 para que o mundo fa\u00e7a a transi\u00e7\u00e3o para um futuro de baixo carbono e evite aquecimento superior a 1,5 \u00b0C.<\/p>\n\n\n\n<p>Cerca de um ter\u00e7o das \u00e1reas terrestres globais sofrer\u00e1 pelo menos uma seca moderada at\u00e9 2100. O n\u00edvel do mar pode subir de 30 a 60 cent\u00edmetros at\u00e9 2100, mesmo que as emiss\u00f5es de gases de efeito estufa sejam drasticamente reduzidas e o aquecimento global seja limitado a bem menos de 2\u00b0C. Cerca de 70 a 90% dos recifes de corais de \u00e1guas quentes desaparecer\u00e3o mesmo que o limite de 1,5\u00b0C seja atingido; eles morreriam completamente no n\u00edvel de 2\u00b0C. De 3 bilh\u00f5es a 3,6 bilh\u00f5es de pessoas vivem em contextos altamente vulner\u00e1veis \u00e0s mudan\u00e7as clim\u00e1ticas. At\u00e9 2030, cerca de 700 milh\u00f5es de pessoas estar\u00e3o em risco de deslocamento apenas pela seca.<\/p>\n\n\n\n<p>Mo\u00e7ambique \u00e9 considerado um dos pa\u00edses africanos mais vulner\u00e1veis aos impactos das mudan\u00e7as clim\u00e1ticas devido a frequ\u00eancia e intensidade dos eventos extremos de origem meteorol\u00f3gica como secas, cheias e ciclones tropicais. Alguns factores apontados e que concorrem para esta vulnerabilidade s\u00e3o, a sua localiza\u00e7\u00e3o geogr\u00e1fica na zona intertropical, a jusante de bacias hidrogr\u00e1ficas partilhadas, \u00e0 sua longa costa e a exist\u00eancia de extensas \u00e1reas com altitude abaixo do actual n\u00edvel do mar. Em consequ\u00eancia desta vulnerabilidade, v\u00e1rios sectores tem sido frequentemente impactados, sendo que o sector de sa\u00fade n\u00e3o \u00e9 excep\u00e7\u00e3o com impacto directo e indirecto sobre a destrui\u00e7\u00e3o de unidades sanit\u00e1rias e infraestruturas de sa\u00fade, o aumento de doen\u00e7as infecciosas transmitidas por \u00e1gua, alimentos, mas tamb\u00e9m por vectores, o aumento de doen\u00e7as cardiovasculares, respirat\u00f3rias, al\u00e9rgicas e mentais.<\/p>\n\n\n\n<p>Em 2017, o Instituto Nacional de Sa\u00fade realizou o 1\u00ba Debate P\u00fablico como forma de promover uma reflex\u00e3o conjunta sobre as Mudan\u00e7as Clim\u00e1ticas na Sa\u00fade em Mo\u00e7ambique, e sensibiliza\u00e7\u00e3o de actores-chave e sociedade civil sobre o impacto actual e futuro no sector de sa\u00fade. Como parte dos resultados deste evento foi poss\u00edvel sensibilizar para esta problem\u00e1tica ao mais alto n\u00edvel de decis\u00e3o, assim como advogar sobre a necessidade urgente de uma resposta multissectorial para a mitiga\u00e7\u00e3o do seu impacto, sendo que ap\u00f3s este evento foi poss\u00edvel elaborar documentos reguladores e orientadores sectoriais, a gera\u00e7\u00e3o de evid\u00eancia cient\u00edfica para o apoio a tomada de decis\u00e3o informada.<\/p>\n\n\n\n<p>Nos \u00faltimos anos, com o aumento de eventos extremos clim\u00e1ticos como cheias, seca, ciclones tropicais e ondas de calor, \u00e9 not\u00e1vel a resposta coordenada e multissectorial para combater este problema que tem trazido impactos nefastos e devastadores sobre a popula\u00e7\u00e3o mo\u00e7ambicana. Apesar desta resposta e da exist\u00eancia de planos integrados, tais como a Estrat\u00e9gia Nacional de Adapta\u00e7\u00e3o e Mitiga\u00e7\u00e3o das Mudan\u00e7as Clim\u00e1ticas (ENAMMC) para o per\u00edodo 2013-2025 e a Contribui\u00e7\u00e3o Nacionalmente Determinada (NDC) alinhada ao Acordo de Paris, as ac\u00e7\u00f5es no sector de sa\u00fade ainda est\u00e3o aqu\u00e9m do desejado no que tange a estrat\u00e9gias de adapta\u00e7\u00e3o e mitiga\u00e7\u00e3o conducentes a resili\u00eancia clim\u00e1tica do Sistema Nacional de Sa\u00fade.<\/p>\n\n\n\n<p>Neste \u00e2mbito, o Observat\u00f3rio Nacional de Sa\u00fade pretende em seguimento do primeiro evento e com o intuito de promover periodicamente eventos desta natureza sobre esta tem\u00e1tica, organizar um segundo momento de reflex\u00e3o sob a forma de uma Confer\u00eancia onde ser\u00e3o apresentadas e discutidas evid\u00eancias recentes geradas no pa\u00eds e no mundo de modo a promover o seu uso para a tomada de decis\u00e3o informada, assim como para a formula\u00e7\u00e3o de pol\u00edticas p\u00fablicas sectoriais adaptadas ao contexto do pa\u00eds no dom\u00ednio da sa\u00fade.<\/p>\n","protected":false},"excerpt":{"rendered":"<p>Em 2021, a temperatura m\u00e9dia global foi de cerca de 1,1\u00b0C acima do n\u00edvel pr\u00e9-industrial (de 1850 a 1900). Os anos de 2015 a 2021 foram os sete mais quentes j\u00e1 registrados. Prev\u00ea-se que a temperatura m\u00e9dia anual global aumente mais de 1,5\u00b0C acima dos n\u00edveis pr\u00e9-industriais em pelo menos um dos pr\u00f3ximos cinco anos. [&hellip;]<\/p>\n","protected":false},"author":1,"featured_media":0,"parent":24,"menu_order":0,"comment_status":"closed","ping_status":"closed","template":"","meta":{"_acf_changed":false,"footnotes":""},"class_list":["post-26","page","type-page","status-publish","hentry"],"acf":[],"_links":{"self":[{"href":"https:\/\/eventos.ins.gov.mz\/index.php\/wp-json\/wp\/v2\/pages\/26","targetHints":{"allow":["GET"]}}],"collection":[{"href":"https:\/\/eventos.ins.gov.mz\/index.php\/wp-json\/wp\/v2\/pages"}],"about":[{"href":"https:\/\/eventos.ins.gov.mz\/index.php\/wp-json\/wp\/v2\/types\/page"}],"author":[{"embeddable":true,"href":"https:\/\/eventos.ins.gov.mz\/index.php\/wp-json\/wp\/v2\/users\/1"}],"replies":[{"embeddable":true,"href":"https:\/\/eventos.ins.gov.mz\/index.php\/wp-json\/wp\/v2\/comments?post=26"}],"version-history":[{"count":1,"href":"https:\/\/eventos.ins.gov.mz\/index.php\/wp-json\/wp\/v2\/pages\/26\/revisions"}],"predecessor-version":[{"id":27,"href":"https:\/\/eventos.ins.gov.mz\/index.php\/wp-json\/wp\/v2\/pages\/26\/revisions\/27"}],"up":[{"embeddable":true,"href":"https:\/\/eventos.ins.gov.mz\/index.php\/wp-json\/wp\/v2\/pages\/24"}],"wp:attachment":[{"href":"https:\/\/eventos.ins.gov.mz\/index.php\/wp-json\/wp\/v2\/media?parent=26"}],"curies":[{"name":"wp","href":"https:\/\/api.w.org\/{rel}","templated":true}]}}

Contextualização

<p>Em 2021, a temperatura média global foi de cerca de 1,1°C acima do nível pré-industrial (de 1850 a 1900). Os anos de 2015 a 2021 foram os sete mais quentes já registrados. Prevê-se que a temperatura média anual global aumente mais de 1,5°C acima dos níveis pré-industriais em pelo menos um dos próximos cinco anos. As emissões globais de dióxido de carbono (CO2) diminuíram 5,2% em 2020 devido a menor demanda de energia causada pelas perturbações sociais e econômicas induzidas pela COVID-19. Entretanto, com a eliminação gradual das restrições relacionadas a COVID-19, as emissões de CO2 relacionadas à energia, para 2021, aumentaram em 6%, atingindo o nível mais alto de todos os tempos.</p>



<p>O financiamento climático fornecido e mobilizado por países desenvolvidos totalizou 79,6 bilhões de dólares em 2019, acima dos 78,3 bilhões de dólares em 2018. Estima-se que 1,6 trilhão de dólares a 3,8 trilhões de dolares &nbsp;serão necessários a cada ano até 2050 para que o mundo faça a transição para um futuro de baixo carbono e evite aquecimento superior a 1,5 °C.</p>



<p>Cerca de um terço das áreas terrestres globais sofrerá pelo menos uma seca moderada até 2100. O nível do mar pode subir de 30 a 60 centímetros até 2100, mesmo que as emissões de gases de efeito estufa sejam drasticamente reduzidas e o aquecimento global seja limitado a bem menos de 2°C. Cerca de 70 a 90% dos recifes de corais de águas quentes desaparecerão mesmo que o limite de 1,5°C seja atingido; eles morreriam completamente no nível de 2°C. De 3 bilhões a 3,6 bilhões de pessoas vivem em contextos altamente vulneráveis às mudanças climáticas. Até 2030, cerca de 700 milhões de pessoas estarão em risco de deslocamento apenas pela seca.</p>



<p>Moçambique é considerado um dos países africanos mais vulneráveis aos impactos das mudanças climáticas devido a frequência e intensidade dos eventos extremos de origem meteorológica como secas, cheias e ciclones tropicais. Alguns factores apontados e que concorrem para esta vulnerabilidade são, a sua localização geográfica na zona intertropical, a jusante de bacias hidrográficas partilhadas, à sua longa costa e a existência de extensas áreas com altitude abaixo do actual nível do mar. Em consequência desta vulnerabilidade, vários sectores tem sido frequentemente impactados, sendo que o sector de saúde não é excepção com impacto directo e indirecto sobre a destruição de unidades sanitárias e infraestruturas de saúde, o aumento de doenças infecciosas transmitidas por água, alimentos, mas também por vectores, o aumento de doenças cardiovasculares, respiratórias, alérgicas e mentais.</p>



<p>Em 2017, o Instituto Nacional de Saúde realizou o 1º Debate Público como forma de promover uma reflexão conjunta sobre as Mudanças Climáticas na Saúde em Moçambique, e sensibilização de actores-chave e sociedade civil sobre o impacto actual e futuro no sector de saúde. Como parte dos resultados deste evento foi possível sensibilizar para esta problemática ao mais alto nível de decisão, assim como advogar sobre a necessidade urgente de uma resposta multissectorial para a mitigação do seu impacto, sendo que após este evento foi possível elaborar documentos reguladores e orientadores sectoriais, a geração de evidência científica para o apoio a tomada de decisão informada.</p>



<p>Nos últimos anos, com o aumento de eventos extremos climáticos como cheias, seca, ciclones tropicais e ondas de calor, é notável a resposta coordenada e multissectorial para combater este problema que tem trazido impactos nefastos e devastadores sobre a população moçambicana. Apesar desta resposta e da existência de planos integrados, tais como a Estratégia Nacional de Adaptação e Mitigação das Mudanças Climáticas (ENAMMC) para o período 2013-2025 e a Contribuição Nacionalmente Determinada (NDC) alinhada ao Acordo de Paris, as acções no sector de saúde ainda estão aquém do desejado no que tange a estratégias de adaptação e mitigação conducentes a resiliência climática do Sistema Nacional de Saúde.</p>



<p>Neste âmbito, o Observatório Nacional de Saúde pretende em seguimento do primeiro evento e com o intuito de promover periodicamente eventos desta natureza sobre esta temática, organizar um segundo momento de reflexão sob a forma de uma Conferência onde serão apresentadas e discutidas evidências recentes geradas no país e no mundo de modo a promover o seu uso para a tomada de decisão informada, assim como para a formulação de políticas públicas sectoriais adaptadas ao contexto do país no domínio da saúde.</p>

<p>Em 2021, a temperatura média global foi de cerca de 1,1°C acima do nível pré-industrial (de 1850 a 1900). Os anos de 2015 a 2021 foram os sete mais quentes já registrados. Prevê-se que a temperatura média anual global aumente mais de 1,5°C acima dos níveis pré-industriais em pelo menos um dos próximos cinco anos. [&hellip;]</p>
