{"id":180,"date":"2026-04-09T22:17:32","date_gmt":"2026-04-09T20:17:32","guid":{"rendered":"https:\/\/eventos.ins.gov.mz\/?page_id=180"},"modified":"2026-04-09T22:17:32","modified_gmt":"2026-04-09T20:17:32","slug":"termos-e-condicoes","status":"publish","type":"page","link":"https:\/\/eventos.ins.gov.mz\/index.php\/termos-e-condicoes\/","title":{"rendered":"Termos e Condi\u00e7\u00f5es"},"content":{"rendered":"\n<p><strong>Ao inscrever-se no CIMCS, o participante concorda com os seguintes termos:<\/strong><\/p>\n\n\n\n<p>I. Submeter-se \u00e0s pol\u00edticas espec\u00edficas definidas pela organiza\u00e7\u00e3o das Jornadas Nacionais de Sa\u00fade;<\/p>\n\n\n\n<p>II. Pagar a taxa de inscri\u00e7\u00e3o aplic\u00e1vel, que garante o acesso ao programa cient\u00edfico, ao livro de resumos do evento e \u00e0s salas f\u00edsicas e virtuais do evento;<\/p>\n\n\n\n<p>III. Autorizar a capta\u00e7\u00e3o de imagens, seja por fotografia ou filmagem, durante as sess\u00f5es ou nas \u00e1reas comuns do local do evento, para utiliza\u00e7\u00e3o oficial com fins de divulga\u00e7\u00e3o e documenta\u00e7\u00e3o;<\/p>\n\n\n\n<p>IV. Estar ciente de que a inscri\u00e7\u00e3o \u00e9 pessoal e intransfer\u00edvel;<\/p>\n\n\n\n<p>V. Aceitar que o cancelamento da inscri\u00e7\u00e3o n\u00e3o confere direito \u00e0 devolu\u00e7\u00e3o do valor pago.<\/p>\n","protected":false},"excerpt":{"rendered":"<p>Ao inscrever-se no CIMCS, o participante concorda com os seguintes termos: I. Submeter-se \u00e0s pol\u00edticas espec\u00edficas definidas pela organiza\u00e7\u00e3o das Jornadas Nacionais de Sa\u00fade; II. Pagar a taxa de inscri\u00e7\u00e3o aplic\u00e1vel, que garante o acesso ao programa cient\u00edfico, ao livro de resumos do evento e \u00e0s salas f\u00edsicas e virtuais do evento; III. Autorizar a [&hellip;]<\/p>\n","protected":false},"author":1,"featured_media":0,"parent":0,"menu_order":0,"comment_status":"closed","ping_status":"closed","template":"","meta":{"_acf_changed":false,"footnotes":""},"class_list":["post-180","page","type-page","status-publish","hentry"],"acf":[],"_links":{"self":[{"href":"https:\/\/eventos.ins.gov.mz\/index.php\/wp-json\/wp\/v2\/pages\/180","targetHints":{"allow":["GET"]}}],"collection":[{"href":"https:\/\/eventos.ins.gov.mz\/index.php\/wp-json\/wp\/v2\/pages"}],"about":[{"href":"https:\/\/eventos.ins.gov.mz\/index.php\/wp-json\/wp\/v2\/types\/page"}],"author":[{"embeddable":true,"href":"https:\/\/eventos.ins.gov.mz\/index.php\/wp-json\/wp\/v2\/users\/1"}],"replies":[{"embeddable":true,"href":"https:\/\/eventos.ins.gov.mz\/index.php\/wp-json\/wp\/v2\/comments?post=180"}],"version-history":[{"count":1,"href":"https:\/\/eventos.ins.gov.mz\/index.php\/wp-json\/wp\/v2\/pages\/180\/revisions"}],"predecessor-version":[{"id":181,"href":"https:\/\/eventos.ins.gov.mz\/index.php\/wp-json\/wp\/v2\/pages\/180\/revisions\/181"}],"wp:attachment":[{"href":"https:\/\/eventos.ins.gov.mz\/index.php\/wp-json\/wp\/v2\/media?parent=180"}],"curies":[{"name":"wp","href":"https:\/\/api.w.org\/{rel}","templated":true}]}}